(-33 - -9) - 12?
0
Calculate (15 + -39 - -53) + -4.
25
What is the value of 17 + 4 - 11 - (3 + 1 - 2)?
8
Evaluate 1 - -1 - ((17 - 6 - 15) + -6).
12
What is -74 - (38 + -74) - (-1 + -6)?
-31
Evaluate 4 + (5 - 10) - (3 - -4).
-8
-12 + (13 - 7) + (-5 - 0) + 4
-7
What is the value of 4 - ((0 + -7 - 3) + 5)?
9
What is -28 + 26 + 5 + -1 + (-1 - -14)?
15
(1 - 18) + -14 + (-21 - -41)
-11
What is -91 + 87 + (3 - -16)?
15
Calculate -8 - (0 + 5 - (-9 + (17 - 2))).
-7
What is the value of 6 - (-1 + 3) - -3 - (16 + -23)?
14
What is the value of -7 - -5 - (25 + -35)?
8
Calculate 10 + -13 + -8 + -5 + 12 + -16.
-20
Evaluate 20 - ((-5 - (4 + -12 + 10)) + 11).
16
Calculate (1 - -13) + (-18 - -6 - (20 + -30)).
12
What is the value of -9 + -9 + 45 - 6?
21
What is 9 - (-7 - (26 - 15) - 7)?
34
What is (87 - 99) + (3 - (-3 + 1)) - -1?
-6
Calculate 13 + (12 - (16 - 26)).
35
Evaluate 6 - (10 + 0 - ((16 - 18) + -5)).
-11
What is -3 - -2 - (1 + -3 + 1) - 13?
-13
Evaluate 37 - (62 - 27 - 5).
7
Evaluate -8 - (-3 + -3 - 1 - 13).
12
Evaluate 45 + -45 + (1 + -2 - -1) + 0.
0
(95 - 90 - (0 - 0)) + -34 + -2
-31
Evaluate 1 + -16 + (18 - -8) - 4.
7
(-35 - -27) + -59 + 54
-13
Calculate -1 - 48 - -22 - -3.
-24
Calculate -7 + (19 - 4) + (4 - 0).
12
What is the value of 6 + -1 + 7 + -7 + (-11 - 1)?
-7
Calculate 6 + (-6 - (-4 + 7 + 1 + 0)).
-4
152 + -150 + -3 + 3 + -1
1
What is (-1 - (-1 + 0) - 15) + 1472 + -1476?
-19
What is (3 + 1 - -4) + 6 + 0?
14
(-10 - -16) + 3 + -5 + -13
-9
Calculate 17 + -112 + 33 - -25.
-37
Evaluate -5 + 6 + -28 + 22.
-5
Calculate 16 - (-6 + -3 + 9 + -11 + 19).
8
What is 9 + -1 + -3 + -4 + 12?
13
-8 + (30 - 13) + -5
4
What is 43 - 42 - (-5 - -13)?
-7
-1 - (3 - 4 - 15) - 6
9
Calculate -7 + (-13 - (-3 + 6 + -16)).
-7
Calculate (-52 - -85) + 1 + -9 - 2.
23
Calculate -49 - -59 - (7 - -1) - 9.
-7
What is 4 + -11 - ((-14 - -29) + -3)?
-19
What is the value of -18 + (-1 - -5) - (29 - 59)?
16
Calculate 0 + 0 + -21 - -15.
-6
15 + (4 - 19 - 3)
-3
13 + -4 + -9 - 13
-13
What is the value of -46 - (-22 - -3) - -1?
-26
Evaluate 12 + -26 + 17 + -11.
-8
Evaluate 4 - 8 - (21 - 10).
-15
Calculate 9 + 8 + -10 + -32 + -5.
-30
What is 3 + -24 + (-4 - 2 - -12)?
-15
What is the value of 11 - (18 + -35 + 28)?
0
0 + -6 - ((0 - 2) + 14)
-18
What is (-34 + -2 - (-13 - -5)) + -6 + 17?
-17
What is -19 - (-2 - -1 - (-4 + 12))?
-10
What is 6 + 4 + -6 + 10 + -11?
3
What is the value of -2 - (-8 + (-8 - (-6 + 9)))?
17
Evaluate (-13 + 9 - 4) + 4 - -7.
3
Evaluate -1 + 4 - (7 + -3 + -5 + 11).
-7
Evaluate 1 - (18 - (5 + -11 - -14)).
-9
Evaluate (-41 - -23) + 0 + 14.
-4
What is 0 - (13 + 2) - ((4 - 10) + -2)?
-7
5 + (20 + -10 - 24) + -1 + 1
-9
10 + -5 + 4 + 1 + -36
-26
Evaluate 10 + (-3 - 7 - (-10 + 10)).
0
-4 + (3 - (5 + -4 - -22))
-24
What is the value of 10 + (23 - 22 - -7)?
18
Evaluate 2 + (-44 - (-32 - -5)).
-15
What is (-42 + 67 - 14) + -41?
-30
What is the value of 15 + -9 - (6 + -8 + 12 - 3)?
-1
Calculate -70 + (16 - -55) + -1 + -7.
-7
Evaluate -23 + (-14 - -45) + (-32 - (3 - 1)).
-26
Evaluate -3 - ((2 - ((7 - -3) + -12)) + 1).
-8
What is -9 - (-17 - -12 - -21)?
-25
Calculate -22 + -3 + 6 + 6 + -8 + 5.
-16
(287 - 285) + (-3 - 0 - (-2 + -11))
12
What is the value of (-1 + 6 - 2) + (5 - 29 - -11)?
-10
Calculate 18 + (-18 - (-14 + (-6 - -16))).
4
10 - (31 + -1 + -15) - -10
5
Calculate -14 + 5 + (10 - -6 - 4).
3
Calculate 5 + (18 - -1 - (39 + (-15 - 15))).
15
-7 - (10 + -14) - -3
0
What is 3763 + -3765 + (-1 - (1 + -21))?
17
Evaluate (-5 - (12 - (5 + 27 + -10))) + 23.
28
Evaluate -1 - (6 - 8) - -3 - -3.
7
Evaluate (3 + -2 - -1) + 4 + -5 - 12.
-11
Evaluate 11 + (-18 - (-21 + -11 + -3)).
28
-172 + 167 + (-11 - 1 - -1)
-16
-9 - (4 + -10 - 0) - -10 - 19
-12
What is 9 + -42 + (0 + 0 - -2) + 7?
-24
7 + 6 + (-10 - -15 - (3 - 0))
15
What is the value of 7 - (-3 - (-4 + (0 - 0 - -5)))?
11
0 + 6 - (-5 + (-32 - (-18 + -2)))
23
What is the value of 1 + 14 + 0 + (-3 - (-3 + -9))?
24
What is 0 + 3 + -1 - (63 - 32)?
-29
Evaluate 1 + (-2 - 4) + -1775 + 1808.
28
(-26 - -22) + 3 + 1 + -13 + 4
-9
Evaluate 11 + -3 + -2 - 15.
-9
What is -11 - (1 - 0 - (-6 - (-6 + -2)))?
-10
-28 + 1 + 2 - (-339 - -336)
-22
Calculate (-44 - (-2 + -6)) + 14 + 1.
-21
(-1 - (-3 + -12)) + 2
16
What is -3 + (-2 - -3) + -17 + -40 + 58?
-1
What is 7 + (1 - 2 - (-4 + -5))?
15
What is 13 - (57 - (45 + -18))?
-17
Calculate 48 + -40 + -3 + -7.
-2
7 + (-43 - (-3 - -5 - 18))
-20
What is -1 + 7 + (-92 - -74) - -32?
20
What is the value of 9 + (-3 - (0 + 10))?
-4
Evaluate -5 - (10 + -5 + 0 - 3).
-7
8 + 23 + -14 - 12 - (1 + -20)
24
Calculate (-4 - -15) + -8 - (3 - (-2 + -3)).
-5
Evaluate (11 - -1) + -3 + -1 + 1.
9
What is -45 + 36 - (-8 + 1) - -7?
5
Calculate (-5 - -4) + -12 + 13.
0
What is the value of -3 - -1 - (367 + -376)?
7
(-18 - (-34 - 16)) + -17
15
Evaluate 40 + (15 + (-23 - -9) - 15).
26
What is the value of 64 - 29 - 3 - 20?
12
Evaluate (-25 - (-27 + 17)) + 3.
-12
0 + -5 - (-2 + 16 + -7 + -5)
-7
What is the value of -1 - (-11 - -21) - -2?
-9
What is 13 + 4 + -11 + -14 + -6?
-14
What is the value of 1 + 4 + (3 - ((8 - -3) + 0))?
-3
-11 + (26 - 16) + (4 - 17)
-14
What is the value of -2 - 9 - (-2 + (13 - 19)) - -5?
2
Evaluate -4 - (1 - (3 - (-5 + 6))) - -11.
8
(-4 - -3) + 1 - -4 - (82 - 86)
8
What is the value of -19 - (1 + 2 + (3 - 2) - -1)?
-24
Calculate 1 - (-6 + 4 + 0 - (7 + -6)).
4
(-4 - 10) + -79 + 97
4
Calculate 2 - -5 - (-48 - -16 - -21).
18
What is the value of -3 - (27 - (-8 - -60))?
22
What is -20 + -2 + -5 - (3 - 6)?
-24
-3 + (24 + -6 + -7 - 16)
-8
What is 1 + -10 + 26 + -9 + -2 - 4?
2
Evaluate (58 - 40 - 48) + 19.
-11
What is the value of 5 + -5 + 2 + -1 + (15 - 18)?
-2
Calculate -1 + (10 - -11) + (-14 - -4).
10
What is 42 + (44 - (45 + 39))?
2
What is the value of -1 - 5 - (2 + -1)?
-7
Calculate -24 + 1 + 61 + -37 + -17.
-16
Calculate -25 - (-3 - -31) - -40.
-13
Evaluate (11 + (-13 - -7) - -2) + (6 - -1).
14
What is 11 + 3 - 0 - (0 + 12 + -7)?
9
Evaluate 10 - (8 + -2 + 9).
-5
Evaluate 2475 - 2467 - (2 + (-1 + 2 - -14)).
-9
Evaluate -6 + 3 + -49 + 44.
-8
Calculate 15 + -1 - (-69 - (40 - 110)).
13
What is -18 + 5 + -4 - 1 - (-87 - -81)?
-12
Calculate (21 - 2) + -8 + -4 + 10.
17
What is -7 + (18 - 6) + -19 + 31 - 6?
11
(26 - 21) + (3 - 3 - 10) - -16
11
-2 - (8 + (12 - 4) + -40)
22
What is the value of 10 - (7 + 1 - (-6 + -39 - -54))?
11
What is 17 + -19 + (1 - -8)?
7
Calculate (131 - 123) + 1 + 1.
10
What is -5 + 12 + -15 + 1 + -1?
-8
-155 + 156 + 1 + 1
3
(6 + -5 - -2) + 3 - (25 + -38)
19
Evaluate -4 + (7 - -6) - (-4 - (-6 + 0)).
7
What is (1 - -2) + (47 + -36 - 8)?
6
What is (13 - 0 - 22) + 0 + (0 - 1)?
-10
What is the value of -8 - -14 - (32 - (15 + 3))?
-8
What is the value of -3 - 15 - -30 - 23?
-11
What is 3 + (4 + -2 - (-3 + 4))?
4
What is -6 + (33 - 0) + -45 + 44?
26
What is the value of 12 + 3 + -6 + -1 + 5 + 1?
14
(-27 - -59 - 29) + (3 - 0)
6
Evaluate -5 + (18 + -2 - 7) + -4.
0
What is -27 - (-22 - -3) - -23?
15
-27 + 30 - (-2 - -1)
4
What is 31 + 20 + -56 + 17?
12
What is the value of 29 - 1 - (-241 - -248)?
21
What is the value of 1 + (27 + -26 - -4)?
6
What is (2 - (-5 - -23)) + 6?
-10
What is the value of (-2 - 12) + 5 + 2 + -7?
-14
What is the value of -13 - (5 + 6 + -36)?
12
Calculate (-3 - -6) + -10 - (-109 - -101).
1
Evaluate (-3 - -15) + (7 - 32 - -19).
6
Evaluate 8 + (-15 - -2) + -2.
-7
What is 6 + (-20 - 4) - (6 + -5)?
-19
What is 8 + -26 - (4 + -5 + -43)?
26
-17 + (12 - 11) - -15
-1
-9 + (14 - 5) + -3
-3
Evaluate 4 + 23 - 52 - (-3 - -1 - 2).
-21
What is the value of (1 - 5) + 16 + -38 + 58?
32
What is the value of -1 + 0 + (-6 + -15 - (-21 - -8))?
-9
23 + -5 + 3 + (-9 - 3)
9
Calculate (23 - (2 - 1)) + 7 + -40 + 27.
16
What is -27 + 22 - (-2 - -5) - -16 - 8?
0
What is 6 - -5 - -4 - (13 + -13)?
15
What is 1 + (5 + (7 - 6) - 6) - -5?
6
Evaluate 34 + -36 + 10 + -1 + -14.
-7
What is 4 + -13 - -10 - (-2 + 10)?
-7
Calculate 38 + 3 + (-5 - (-7 + 19)).
24
What is the value of -16 - (28 - (29 + 13))?
-2
What is the value of (22 - 11 - -6) + -2?
15
Evaluate 0 + 1 + -127 + 136 + (0 - 8).
2
Evaluate -1 + -1 + -2 + -11 + 37 + -3.
19
(1 - -5 - (-5 - -2)) + 5 - 5
9
Evaluate (6 - (-13 - -5 - -11) - -1) + -6.
-2
Evaluate 41 + (-53 - (-14 + 30)).
-28
Evaluate -17 + (22 - (12 - -11)).
-18
What is the value of -262 + 274 + -